Dec 01 18:48:57.626 INFO testing duncandean/rust-genetic-algorithm against master#8940af3cea4a9a9deabcaf843b2f8cad9a83fc61 for beta-1.31-5
Dec 01 18:48:57.626 INFO running `"docker" "create" "-v" "/mnt/big/crater/work/local/target-dirs/beta-1.31-5/worker-7/master#8940af3cea4a9a9deabcaf843b2f8cad9a83fc61:/target:rw,Z" "-v" "/mnt/big/crater/work/local/test-source/worker-7/beta-1.31-5/master#8940af3cea4a9a9deabcaf843b2f8cad9a83fc61:/source:ro,Z" "-v" "/mnt/big/crater/work/local/cargo-home:/cargo-home:ro,Z" "-v" "/mnt/big/crater/work/local/rustup-home:/rustup-home:ro,Z" "-e" "USER_ID=1000" "-e" "SOURCE_DIR=/source" "-e" "USER_ID=1000" "-e" "CMD=cargo +8940af3cea4a9a9deabcaf843b2f8cad9a83fc61-alt build --frozen" "-e" "CARGO_TARGET_DIR=/target" "-e" "CARGO_INCREMENTAL=0" "-e" "RUST_BACKTRACE=full" "-e" "RUSTFLAGS=--cap-lints=warn" "-e" "CARGO_HOME=/cargo-home" "-e" "RUSTUP_HOME=/rustup-home" "-m" "1536M" "--network" "none" "crater"`
Dec 01 18:48:58.255 INFO [stdout] 0aa3543eff2ba7f6a03ff2cb7f56521b7323e6ef83f6d7c5a2b0e3df524daede
Dec 01 18:48:58.263 INFO running `"docker" "start" "-a" "0aa3543eff2ba7f6a03ff2cb7f56521b7323e6ef83f6d7c5a2b0e3df524daede"`
Dec 01 18:48:59.722 INFO [stderr] usermod: no changes
Dec 01 18:48:59.887 INFO [stderr]    Compiling libc v0.2.2
Dec 01 18:48:59.887 INFO [stderr]    Compiling num-complex v0.2.0
Dec 01 18:48:59.887 INFO [stderr]    Compiling num-bigint v0.2.0
Dec 01 18:49:01.795 INFO [stderr]    Compiling time v0.1.40
Dec 01 18:49:01.795 INFO [stderr]    Compiling rand v0.5.5
Dec 01 18:49:09.231 INFO [stderr]    Compiling num-rational v0.2.1
Dec 01 18:49:12.679 INFO [stderr]    Compiling num v0.2.0
Dec 01 18:49:13.140 INFO [stderr]    Compiling evolution v0.1.0 (/source)
Dec 01 18:49:13.263 INFO [stderr] error: expected `,`, or `}`, found `[`
Dec 01 18:49:13.263 INFO [stderr]   --> src/lib.rs:30:19
Dec 01 18:49:13.264 INFO [stderr]    |
Dec 01 18:49:13.264 INFO [stderr] 30 |     permutables: T[],
Dec 01 18:49:13.264 INFO [stderr]    |                   ^
Dec 01 18:49:13.264 INFO [stderr] 
Dec 01 18:49:13.587 INFO [stderr] error[E0428]: the name `Chromosome` is defined multiple times
Dec 01 18:49:13.587 INFO [stderr]   --> src/lib.rs:98:1
Dec 01 18:49:13.587 INFO [stderr]    |
Dec 01 18:49:13.587 INFO [stderr] 29 | pub struct Chromosome<T> {
Dec 01 18:49:13.587 INFO [stderr]    | ------------------------ previous definition of the type `Chromosome` here
Dec 01 18:49:13.587 INFO [stderr] ...
Dec 01 18:49:13.587 INFO [stderr] 98 | struct Chromosome {
Dec 01 18:49:13.587 INFO [stderr]    | ^^^^^^^^^^^^^^^^^ `Chromosome` redefined here
Dec 01 18:49:13.587 INFO [stderr]    |
Dec 01 18:49:13.587 INFO [stderr]    = note: `Chromosome` must be defined only once in the type namespace of this module
Dec 01 18:49:13.587 INFO [stderr] 
Dec 01 18:49:13.599 INFO [stderr] error[E0412]: cannot find type `T` in this scope
Dec 01 18:49:13.599 INFO [stderr]   --> src/lib.rs:36:17
Dec 01 18:49:13.599 INFO [stderr]    |
Dec 01 18:49:13.599 INFO [stderr] 36 | impl Chromosome<T> {
Dec 01 18:49:13.599 INFO [stderr]    |                 ^ not found in this scope
Dec 01 18:49:13.599 INFO [stderr] 
Dec 01 18:49:13.603 INFO [stderr] error[E0107]: wrong number of type arguments: expected 1, found 0
Dec 01 18:49:13.603 INFO [stderr]   --> src/lib.rs:66:92
Dec 01 18:49:13.603 INFO [stderr]    |
Dec 01 18:49:13.603 INFO [stderr] 66 | fn crossover(chrome1: Chromosome, chrome2: Chromosome, cross_prob: f32, solution: &str) -> Chromosome {
Dec 01 18:49:13.603 INFO [stderr]    |                                                                                            ^^^^^^^^^^ expected 1 type argument
Dec 01 18:49:13.603 INFO [stderr] 
Dec 01 18:49:13.603 INFO [stderr] error[E0107]: wrong number of type arguments: expected 1, found 0
Dec 01 18:49:13.603 INFO [stderr]   --> src/lib.rs:66:23
Dec 01 18:49:13.603 INFO [stderr]    |
Dec 01 18:49:13.603 INFO [stderr] 66 | fn crossover(chrome1: Chromosome, chrome2: Chromosome, cross_prob: f32, solution: &str) -> Chromosome {
Dec 01 18:49:13.603 INFO [stderr]    |                       ^^^^^^^^^^ expected 1 type argument
Dec 01 18:49:13.603 INFO [stderr] 
Dec 01 18:49:13.603 INFO [stderr] error[E0107]: wrong number of type arguments: expected 1, found 0
Dec 01 18:49:13.603 INFO [stderr]   --> src/lib.rs:66:44
Dec 01 18:49:13.603 INFO [stderr]    |
Dec 01 18:49:13.603 INFO [stderr] 66 | fn crossover(chrome1: Chromosome, chrome2: Chromosome, cross_prob: f32, solution: &str) -> Chromosome {
Dec 01 18:49:13.603 INFO [stderr]    |                                            ^^^^^^^^^^ expected 1 type argument
Dec 01 18:49:13.603 INFO [stderr] 
Dec 01 18:49:13.603 INFO [stderr] error[E0107]: wrong number of type arguments: expected 1, found 0
Dec 01 18:49:13.603 INFO [stderr]    --> src/lib.rs:104:6
Dec 01 18:49:13.603 INFO [stderr]     |
Dec 01 18:49:13.603 INFO [stderr] 104 | impl Chromosome {
Dec 01 18:49:13.603 INFO [stderr]     |      ^^^^^^^^^^ expected 1 type argument
Dec 01 18:49:13.603 INFO [stderr] 
Dec 01 18:49:13.603 INFO [stderr] error[E0107]: wrong number of type arguments: expected 1, found 0
Dec 01 18:49:13.603 INFO [stderr]   --> src/lib.rs:97:10
Dec 01 18:49:13.603 INFO [stderr]    |
Dec 01 18:49:13.603 INFO [stderr] 97 | #[derive(Clone)]
Dec 01 18:49:13.603 INFO [stderr]    |          ^^^^^ expected 1 type argument
Dec 01 18:49:13.603 INFO [stderr] 
Dec 01 18:49:13.603 INFO [stderr] error[E0107]: wrong number of type arguments: expected 1, found 0
Dec 01 18:49:13.603 INFO [stderr]    --> src/lib.rs:105:33
Dec 01 18:49:13.604 INFO [stderr]     |
Dec 01 18:49:13.604 INFO [stderr] 105 |     fn new(solution: String) -> Chromosome {
Dec 01 18:49:13.604 INFO [stderr]     |                                 ^^^^^^^^^^ expected 1 type argument
Dec 01 18:49:13.604 INFO [stderr] 
Dec 01 18:49:13.604 INFO [stderr] error[E0107]: wrong number of type arguments: expected 1, found 0
Dec 01 18:49:13.604 INFO [stderr]    --> src/lib.rs:114:43
Dec 01 18:49:13.604 INFO [stderr]     |
Dec 01 18:49:13.604 INFO [stderr] 114 |     fn mutate(&mut self, mut_prob:f64) -> Chromosome {
Dec 01 18:49:13.604 INFO [stderr]     |                                           ^^^^^^^^^^ expected 1 type argument
Dec 01 18:49:13.604 INFO [stderr] 
Dec 01 18:49:13.604 INFO [stderr] error: aborting due to 10 previous errors
Dec 01 18:49:13.604 INFO [stderr] 
Dec 01 18:49:13.604 INFO [stderr] Some errors occurred: E0107, E0412, E0428.
Dec 01 18:49:13.604 INFO [stderr] For more information about an error, try `rustc --explain E0107`.
Dec 01 18:49:13.612 INFO [stderr] error: Could not compile `evolution`.
Dec 01 18:49:13.612 INFO [stderr] 
Dec 01 18:49:13.612 INFO [stderr] To learn more, run the command again with --verbose.
Dec 01 18:49:13.614 INFO [stderr] su: No module specific data is present
Dec 01 18:49:15.034 INFO running `"docker" "inspect" "0aa3543eff2ba7f6a03ff2cb7f56521b7323e6ef83f6d7c5a2b0e3df524daede"`
Dec 01 18:49:15.341 INFO running `"docker" "rm" "-f" "0aa3543eff2ba7f6a03ff2cb7f56521b7323e6ef83f6d7c5a2b0e3df524daede"`
Dec 01 18:49:15.711 INFO [stdout] 0aa3543eff2ba7f6a03ff2cb7f56521b7323e6ef83f6d7c5a2b0e3df524daede
